= 6*c(p) - x(p). What is the remainder when 23 is divided by k(n)?
11
Let b(l) = l - 3*l - 12 - 3*l. Let k be (-8)/(1/1) - -2. Calculate the remainder when 33 is divided by b(k).
15
Let v = -8 - -14. Suppose -n + 0*o + 15 = -4*o, -2*n = 5*o + 9. Suppose 105 = n*k + 2*k. What is the remainder when k is divided by v?
3
Suppose 345*m = 359*m - 1120. What is the remainder when 2639 is divided by m?
79
Suppose -3*q + 10 = -2*x, 0 = q - 5*q - 4*x. Suppose 4*g = q*k - 48, 3*g + 10 + 2 = 0. What is the remainder when 125 is divided by k?
13
Let w be (-6)/((-5)/2 + 1). Suppose -s = -w*s + 90. Suppose -4*q = 3*m - 68, -5*m - q + 55 + s = 0. What is the remainder when m is divided by 9?
7
What is the remainder when 13 is divided by (-12)/(-16)*13/(78/72)?
4
Suppose 5 = 5*x, 5*v + 3*x = 4*x + 19. Let a be (-1)/v + 42/8. Let u(o) = 4*o + 7. Calculate the remainder when 79 is divided by u(a).
25
Let c = 220 - 153. Calculate the remainder when c is divided by 18.
13
Let h = 92 - -263. Suppose -6*l + 419 = -h. Calculate the remainder when l is divided by 11.
8
Let z(x) = 3*x**2 + 24*x + 4. Calculate the remainder when z(-10) is divided by 15.
4
Let z(m) = -m**3 + 9*m**2 + 37*m - 14. Let c be z(12). Calculate the remainder when 25 is divided by (-18)/c + 3/(12/(-8)).
4
Let r(z) = -z**3 + 9*z**2 + 28*z - 16. What is the remainder when r(9) is divided by 17?
15
Suppose 5*s = 3*s + 8. Suppose 4*i - 62 = 214. Let z = i + -68. Calculate the remainder when s is divided by z.
0
Let h = -2 - -11. Calculate the remainder when ((-195)/25)/(424/(-80) + 5) is divided by h.
8
Let s be 110/44 + ((-2)/4 - -1). Calculate the remainder when s*10/(-45)*-21 is divided by 10.
4
Let s = 20 + -14. Suppose s = h + 4. Suppose h*p - 65 - 53 = 0. Calculate the remainder when p is divided by 15.
14
Suppose -4*j = -3*b + 7, -3 = 3*b - 2*b + 4*j. Suppose h - b = 7. Calculate the remainder when 12 is divided by h.
4
Suppose -5*i + 2*i = 3*t - 39, -3*t = -i - 51. Calculate the remainder when 69 is divided by t.
5
Suppose -189*b + 191*b + 154 = 0. Let d = b - -105. Let h = -8 - -24. Calculate the remainder when d is divided by h.
12
Suppose 18 = -3*j - 2*v, -2*j + 9 = 4*v + 21. Let w(c) = -2*c - 7. Let z be w(j). Calculate the remainder when 10 is divided by ((-12)/z)/(12/(-30)).
4
Let s = -108 + 211. Let m = 68 - 35. Suppose 0 = -2*a + 9 + m. What is the remainder when s is divided by a?
19
Suppose -v + 2*k = -1, 5*v - 34 = -3*k + 10. Suppose 0 = -2*g - 2*r - r, -4*g + 3*r = 18. Let l = v + g. What is the remainder when 14 is divided by l?
2
Suppose -n - 2*n = 2*h - 54, -4*n + 2*h = -58. Suppose 10*t - 2668 = -82*t. What is the remainder when t is divided by n?
13
Suppose -2*h = -4*h. Suppose -6*a = -h*a - 78. Calculate the remainder when a is divided by 5.
3
Let x(i) = 2*i**2 - 39*i + 13. Let o be x(19). What is the remainder when 157 is divided by (-118)/(-12) - 1/o?
7
Let x(p) = -18*p - 4. Let c = 224 + -155. Calculate the remainder when c is divided by x(-1).
13
Suppose 0 = 12*o - 13*o + 3*r + 14, -2*o - 5 = 5*r. Calculate the remainder when 54 is divided by o.
4
Let w(b) = 21*b - 6. Suppose 2 = -r + 18. Let d = r + -12. Calculate the remainder when w(d) is divided by 20.
18
Suppose 0 = 3*k + 2*a - 64, a = -3*k + 95 - 30. What is the remainder when k is divided by 3?
1
Let d(x) = 2*x**2 + 3. Let a be d(0). Suppose 5*f + a - 88 = -4*b, -2 = -2*f. Calculate the remainder when (60 - 0) + (-2)/1 is divided by b.
18
Let a = -26 + 0. Let o = a + 38. Let y = 18 + -13. Calculate the remainder when o is divided by y.
2
Let i be -13 + 11 + 8 + -1. Suppose i*v + 49 - 124 = 0. Calculate the remainder when 40 is divided by v.
10
What is the remainder when 1 + 64/(-8) + 63 is divided by 1?
0
Suppose 4*k + 15 = 31. What is the remainder when 5/(-20) + 89/k is divided by 12?
10
Suppose -5*o = 4*s - 8*s + 21, 0 = 3*o + 3*s - 9. Let z be -3*o/(-3) - -6. Suppose 2*c + 171 = z*c. Calculate the remainder when c is divided by 20.
17
Suppose 4*u = -c + 86, 11*c - 13*c + 165 = u. Calculate the remainder when 245 is divided by c.
81
Let y be (-3 - -2)/3 + 5/15. Calculate the remainder when (-2 - (1 + y))*-17 is divided by 9.
6
Suppose -97*u = -69*u - 1736. Calculate the remainder when 91 is divided by u.
29
Let s(l) = -10*l - 7. Let v = 33 - 33. Let o be (-4 - v/(-5)) + -2. Calculate the remainder when s(o) is divided by 14.
11
Suppose -25 = -4*d + z, -z + 10 = 5*d + 2*z. Suppose -t = -4*t + 39. Calculate the remainder when d*((-69)/(-15))/1 is divided by t.
10
Suppose -56 = -k + 2*z, -14*k + 15*k - 28 = -5*z. Calculate the remainder when 239 is divided by k.
47
Suppose 0 = -2*b - o + 57, 4*o - 108 = -3*b + 7*o. Let c = -280 + 288. What is the remainder when b is divided by c?
7
Suppose -288 = -5*f + 2*d, f - 5*d = -7*d + 60. What is the remainder when 134 is divided by f?
18
Let m = -8040 - -8130. Suppose 0 = -5*a + a + 188. What is the remainder when m is divided by a?
43
Suppose 3*v - 56 = -v. Let d = 718 + -714. Calculate the remainder when v is divided by d.
2
Suppose 5*l - 280 = 3*w, -8*w + 226 = 4*l - 10*w. What is the remainder when l is divided by 16?
11
Let y = -16 + 68. Suppose -5*f = -f - y. Suppose -11*t + 12*t = f. What is the remainder when t is divided by 7?
6
Let f(o) = 100*o + 673. What is the remainder when f(-6) is divided by 43?
30
Suppose 5*j - 8 = j. Suppose -j*x - 14 = -b, -5*b + 5*x = -55 + 5. Calculate the remainder when 39 is divided by b.
3
Let m = 1 + -1. Suppose -2*s + 2*y = 4*y - 92, 4*y + 62 = 2*s. Suppose 4*v + 1 - s = m. What is the remainder when 57 is divided by v?
7
Suppose -11*s - 253 = -880. Calculate the remainder when s is divided by 21.
15
Suppose -1 = 2*l - 7. Let p be 8 + 0*(-1)/3. What is the remainder when ((-3)/1 + p)*l is divided by 4?
3
What is the remainder when (3/(48/20))/(3/108) is divided by 43?
2
Suppose -5*s + 4*g + 36 = 0, 4*s + 0*g = 4*g + 32. Suppose s*v = 3*c - 35, -c - 2*c + v + 20 = 0. Calculate the remainder when 25 is divided by c.
0
Suppose 4*c = 21 + 11. Let u be (-1 + 5)*17 - -2. Suppose -4*p + 18 = -u. What is the remainder when p is divided by c?
6
Suppose 40 = -l + 3*l. Suppose 5*h + 5*t - 20 = 0, 4*h + l = 2*h + 5*t. Suppose -3*g + 12 + 69 = h. Calculate the remainder when g is divided by 15.
12
Suppose 5*x = -42 + 217. Calculate the remainder when 68 is divided by x.
33
Let g(z) = z**2 + 5*z - 14. Let w be g(-6). What is the remainder when 6 is divided by (w/(-20))/(2/20)?
2
Suppose -2197*w - 16 = -2198*w. What is the remainder when 895 is divided by w?
15
Suppose 45*w - 32*w - 1157 = 0. What is the remainder when w is divided by (-1)/((1/18)/(-1))?
17
Suppose -5*s = -4*q - 174, 4*s - 141 = -0*q + 5*q. Let p = 446 + -210. Calculate the remainder when p is divided by s.
32
What is the remainder when -167*(8/(-12))/((-4)/(-6)) is divided by 14?
13
Let x be -6*(1 + -4 + -3). Suppose 0 = -3*o + 6 + x. What is the remainder when 40 is divided by o?
12
Suppose -172 - 278 = -3*b. Suppose d + 2*d + b = 0. Let y = 78 + d. What is the remainder when y is divided by 11?
6
Suppose 650 + 22 = 4*b. Suppose 3*z = z + b. What is the remainder when z is divided by 43?
41
Let k(n) = n**2 - 16*n + 39. What is the remainder when 274 is divided by k(14)?
10
Suppose p - 780 = -4*p. Let a = -20 - -26. Calculate the remainder when p/(-8)*4/(-6) is divided by a.
1
Let d(o) = -3*o**2 - 71*o - 50. Let v(q) = q**2 + 35*q + 25. Let m(w) = 2*d(w) + 5*v(w). Calculate the remainder when m(27) is divided by 47.
46
Let k = 8 - 2. Let b(c) = -23*c + 7. Let l(n) = 23*n - 8. Let p(h) = k*b(h) + 5*l(h). Calculate the remainder when p(-3) is divided by 25.
21
Let k(r) = 5*r**3 + 2*r**2 - 16*r + 45. Calculate the remainder when k(3) is divided by 76.
74
Suppose -2*y + 5*w + 37 = 2*y, 2*y - 11 = 5*w. Let k = -5 + y. Let j = 6 + 9. What is the remainder when j is divided by k?
7
Let k = 1036 - 971. What is the remainder when k is divided by 11?
10
Let g = -5 - -7. Suppose -5*r + 37 + 9 = q, 49 = q + g*r. Calculate the remainder when q is divided by 14.
9
Let y = 14 - -146. Suppose -12*h + 7*h + y = 0. Suppose -4*b + h = 4*k - 28, 0 = k + 2*b - 14. Calculate the remainder when 61 is divided by k.
13
Suppose -5*d - 5*d = -20. Suppose -g - 3*g + 184 = 0. Suppose 4*i - 2*i + 4*s =